[INFO] crate serde_klv 0.3.0 is already in cache
[INFO] checking serde_klv-0.3.0 against master#9610dfe5a9a731ced1ea4923ecbd0c57fe367898 for beta-170-4
[INFO] extracting crate serde_klv 0.3.0 into /workspace/builds/worker-0-tc1/source
[INFO] validating manifest of crates.io crate serde_klv 0.3.0 on toolchain 9610dfe5a9a731ced1ea4923ecbd0c57fe367898
[INFO] running `Command { std: CARGO_HOME="/workspace/cargo-home" RUSTUP_HOME="/workspace/rustup-home" "/workspace/cargo-home/bin/cargo" "+9610dfe5a9a731ced1ea4923ecbd0c57fe367898" "metadata" "--manifest-path" "Cargo.toml" "--no-deps", kill_on_drop: false }`
[INFO] started tweaking crates.io crate serde_klv 0.3.0
[INFO] finished tweaking crates.io crate serde_klv 0.3.0
[INFO] tweaked toml for crates.io crate serde_klv 0.3.0 written to /workspace/builds/worker-0-tc1/source/Cargo.toml
[INFO] running `Command { std: CARGO_HOME="/workspace/cargo-home" RUSTUP_HOME="/workspace/rustup-home" __CARGO_TEST_CHANNEL_OVERRIDE_DO_NOT_USE_THIS="nightly" "/workspace/cargo-home/bin/cargo" "+9610dfe5a9a731ced1ea4923ecbd0c57fe367898" "generate-lockfile" "--manifest-path" "Cargo.toml" "-Zno-index-update", kill_on_drop: false }`
[INFO] running `Command { std: CARGO_HOME="/workspace/cargo-home" RUSTUP_HOME="/workspace/rustup-home" "/workspace/cargo-home/bin/cargo" "+9610dfe5a9a731ced1ea4923ecbd0c57fe367898" "fetch" "--manifest-path" "Cargo.toml", kill_on_drop: false }`
[INFO] running `Command { std: "docker" "create" "-v" "/var/lib/crater-agent-workspace/builds/worker-0-tc1/target:/opt/rustwide/target:rw,Z" "-v" "/var/lib/crater-agent-workspace/builds/worker-0-tc1/source:/opt/rustwide/workdir:ro,Z" "-v" "/var/lib/crater-agent-workspace/cargo-home:/opt/rustwide/cargo-home:ro,Z" "-v" "/var/lib/crater-agent-workspace/rustup-home:/opt/rustwide/rustup-home:ro,Z" "-e" "SOURCE_DIR=/opt/rustwide/workdir" "-e" "CARGO_TARGET_DIR=/opt/rustwide/target" "-e" "CARGO_HOME=/opt/rustwide/cargo-home" "-e" "RUSTUP_HOME=/opt/rustwide/rustup-home" "-w" "/opt/rustwide/workdir" "-m" "1610612736" "--user" "0:0" "--network" "none" "ghcr.io/rust-lang/crates-build-env/linux@sha256:5ff2268d62e97bff2cde7d5815dd6ed5b47097566f13b8d0ca110b04b60e07ed" "/opt/rustwide/cargo-home/bin/cargo" "+9610dfe5a9a731ced1ea4923ecbd0c57fe367898" "metadata" "--no-deps" "--format-version=1", kill_on_drop: false }`
[INFO] [stdout] d30b6cf0b3bb25254d1d5ad6a7b28b02e7c5690769968cee098054c6b520249e
[INFO] running `Command { std: "docker" "start" "-a" "d30b6cf0b3bb25254d1d5ad6a7b28b02e7c5690769968cee098054c6b520249e", kill_on_drop: false }`
[INFO] running `Command { std: "docker" "inspect" "d30b6cf0b3bb25254d1d5ad6a7b28b02e7c5690769968cee098054c6b520249e", kill_on_drop: false }`
[INFO] running `Command { std: "docker" "rm" "-f" "d30b6cf0b3bb25254d1d5ad6a7b28b02e7c5690769968cee098054c6b520249e", kill_on_drop: false }`
[INFO] [stdout] d30b6cf0b3bb25254d1d5ad6a7b28b02e7c5690769968cee098054c6b520249e
[INFO] running `Command { std: "docker" "create" "-v" "/var/lib/crater-agent-workspace/builds/worker-0-tc1/target:/opt/rustwide/target:rw,Z" "-v" "/var/lib/crater-agent-workspace/builds/worker-0-tc1/source:/opt/rustwide/workdir:ro,Z" "-v" "/var/lib/crater-agent-workspace/cargo-home:/opt/rustwide/cargo-home:ro,Z" "-v" "/var/lib/crater-agent-workspace/rustup-home:/opt/rustwide/rustup-home:ro,Z" "-e" "SOURCE_DIR=/opt/rustwide/workdir" "-e" "CARGO_TARGET_DIR=/opt/rustwide/target" "-e" "CARGO_INCREMENTAL=0" "-e" "RUST_BACKTRACE=full" "-e" "RUSTFLAGS=--cap-lints=forbid" "-e" "RUSTDOCFLAGS=--cap-lints=forbid" "-e" "CARGO_HOME=/opt/rustwide/cargo-home" "-e" "RUSTUP_HOME=/opt/rustwide/rustup-home" "-w" "/opt/rustwide/workdir" "-m" "1610612736" "--user" "0:0" "--network" "none" "ghcr.io/rust-lang/crates-build-env/linux@sha256:5ff2268d62e97bff2cde7d5815dd6ed5b47097566f13b8d0ca110b04b60e07ed" "/opt/rustwide/cargo-home/bin/cargo" "+9610dfe5a9a731ced1ea4923ecbd0c57fe367898" "check" "--frozen" "--all" "--all-targets" "--message-format=json", kill_on_drop: false }`
[INFO] [stdout] cd4e7e99b6533d5d7bd80fc45d4bd849c22df0ef7ac6a4d99942c055e0b8286e
[INFO] running `Command { std: "docker" "start" "-a" "cd4e7e99b6533d5d7bd80fc45d4bd849c22df0ef7ac6a4d99942c055e0b8286e", kill_on_drop: false }`
[INFO] [stderr]    Compiling crossbeam-utils v0.8.15
[INFO] [stderr]    Compiling memoffset v0.8.0
[INFO] [stderr]    Compiling crossbeam-epoch v0.9.14
[INFO] [stderr]    Compiling rayon-core v1.11.0
[INFO] [stderr]     Checking ciborium-io v0.2.1
[INFO] [stderr]     Checking plotters-backend v0.3.4
[INFO] [stderr]     Checking num_cpus v1.15.0
[INFO] [stderr]     Checking getrandom v0.2.9
[INFO] [stderr]     Checking crc-catalog v2.2.0
[INFO] [stderr]     Checking regex-syntax v0.7.2
[INFO] [stderr]     Checking clap v3.2.25
[INFO] [stderr]     Checking atty v0.2.14
[INFO] [stderr]     Checking serde v1.0.163
[INFO] [stderr]     Checking chrono v0.4.26
[INFO] [stderr]     Checking ciborium-ll v0.2.1
[INFO] [stderr]     Checking crc v3.0.1
[INFO] [stderr]     Checking rand_core v0.6.4
[INFO] [stderr]     Checking plotters-svg v0.3.3
[INFO] [stderr]     Checking rand_chacha v0.3.1
[INFO] [stderr]     Checking plotters v0.3.4
[INFO] [stderr]     Checking rand v0.8.5
[INFO] [stderr]     Checking crossbeam-channel v0.5.8
[INFO] [stderr]     Checking crossbeam-deque v0.8.3
[INFO] [stderr]     Checking regex v1.8.3
[INFO] [stderr]     Checking rayon v1.7.0
[INFO] [stderr]     Checking serde_json v1.0.96
[INFO] [stderr]     Checking ciborium v0.2.1
[INFO] [stderr]     Checking serde_bytes v0.11.9
[INFO] [stderr]     Checking serde_klv v0.3.0 (/opt/rustwide/workdir)
[INFO] [stderr]     Checking tinytemplate v1.2.1
[INFO] [stderr]     Checking criterion v0.4.0
[INFO] [stdout] error[E0432]: unresolved import `serde_klv::uasdls`
[INFO] [stdout]  --> benches/benchmark.rs:4:5
[INFO] [stdout]   |
[INFO] [stdout] 4 |     uasdls::{UASDatalinkLS, CRC},
[INFO] [stdout]   |     ^^^^^^ could not find `uasdls` in `serde_klv`
[INFO] [stdout] 
[INFO] [stdout] 
[INFO] [stdout] error: aborting due to previous error
[INFO] [stdout] 
[INFO] [stdout] 
[INFO] [stdout] For more information about this error, try `rustc --explain E0432`.
[INFO] [stdout] 
[INFO] [stderr] error: could not compile `serde_klv` (bench "benchmark") due to 2 previous errors
[INFO] [stderr] warning: build failed, waiting for other jobs to finish...
[INFO] [stdout] error[E0432]: unresolved import `cosmic_ray`
[INFO] [stdout]   --> src/checksum.rs:37:9
[INFO] [stdout]    |
[INFO] [stdout] 37 |     use cosmic_ray::Ray;
[INFO] [stdout]    |         ^^^^^^^^^^ use of undeclared crate or module `cosmic_ray`
[INFO] [stdout] 
[INFO] [stdout] 
[INFO] [stdout] error[E0433]: failed to resolve: use of undeclared crate or module `cosmic_ray`
[INFO] [stdout]   --> src/checksum.rs:66:26
[INFO] [stdout]    |
[INFO] [stdout] 66 |         let mut raybox = cosmic_ray::RayBoxVec::new(buf);
[INFO] [stdout]    |                          ^^^^^^^^^^ use of undeclared crate or module `cosmic_ray`
[INFO] [stdout] 
[INFO] [stdout] 
[INFO] [stdout] warning: unused import: `std::ops::Deref`
[INFO] [stdout]   --> src/checksum.rs:34:9
[INFO] [stdout]    |
[INFO] [stdout] 34 |     use std::ops::Deref;
[INFO] [stdout]    |         ^^^^^^^^^^^^^^^
[INFO] [stdout]    |
[INFO] [stdout]    = note: `#[warn(unused_imports)]` on by default
[INFO] [stdout] 
[INFO] [stdout] 
[INFO] [stdout] error: aborting due to 2 previous errors; 1 warning emitted
[INFO] [stdout] 
[INFO] [stdout] 
[INFO] [stdout] Some errors have detailed explanations: E0432, E0433.
[INFO] [stdout] 
[INFO] [stdout] For more information about an error, try `rustc --explain E0432`.
[INFO] [stdout] 
[INFO] [stderr] error: could not compile `serde_klv` (lib test) due to 3 previous errors; 1 warning emitted
[INFO] running `Command { std: "docker" "inspect" "cd4e7e99b6533d5d7bd80fc45d4bd849c22df0ef7ac6a4d99942c055e0b8286e", kill_on_drop: false }`
[INFO] running `Command { std: "docker" "rm" "-f" "cd4e7e99b6533d5d7bd80fc45d4bd849c22df0ef7ac6a4d99942c055e0b8286e", kill_on_drop: false }`
[INFO] [stdout] cd4e7e99b6533d5d7bd80fc45d4bd849c22df0ef7ac6a4d99942c055e0b8286e
